{"id":1674,"date":"2026-03-27T17:28:03","date_gmt":"2026-03-27T16:28:26","guid":{"rendered":"https:\/\/assembllees-galezes.bzh\/index.php\/le-festival\/programmation\/drache-5\/"},"modified":"2026-04-02T21:30:22","modified_gmt":"2026-04-02T19:30:22","slug":"la-mezanj","status":"publish","type":"page","link":"https:\/\/assembllees-galezes.bzh\/index.php\/le-festival\/programmation\/la-mezanj\/","title":{"rendered":"La M\u00e9zanj"},"content":{"rendered":"\n<h2 class=\"wp-block-heading\">La M\u00e9zanj<\/h2>\n\n\n\n<div class=\"wp-block-media-text is-stacked-on-mobile\"><figure class=\"wp-block-media-text__media\"><img loading=\"lazy\" decoding=\"async\" width=\"1024\" height=\"683\" src=\"https:\/\/assembllees-galezes.bzh\/wp-content\/uploads\/2026\/04\/LM_canape-paysage-saut-1024x683.jpg\" alt=\"\" class=\"wp-image-1773 size-full\" srcset=\"https:\/\/assembllees-galezes.bzh\/wp-content\/uploads\/2026\/04\/LM_canape-paysage-saut-1024x683.jpg 1024w, https:\/\/assembllees-galezes.bzh\/wp-content\/uploads\/2026\/04\/LM_canape-paysage-saut-300x200.jpg 300w, https:\/\/assembllees-galezes.bzh\/wp-content\/uploads\/2026\/04\/LM_canape-paysage-saut-768x512.jpg 768w, https:\/\/assembllees-galezes.bzh\/wp-content\/uploads\/2026\/04\/LM_canape-paysage-saut-1536x1024.jpg 1536w, https:\/\/assembllees-galezes.bzh\/wp-content\/uploads\/2026\/04\/LM_canape-paysage-saut-2048x1365.jpg 2048w\" sizes=\"auto, (max-width: 1024px) 100vw, 1024px\" \/><\/figure><div class=\"wp-block-media-text__content\">\n<p>La M\u00e9zanj d\u00e9ploie ses ailes, puisant ses inspirations dans le r\u00e9pertoire de Haute-Bretagne. Aux sons<br>du violon de Coline Genet et du violoncelle de Cl\u00e9mence Leno\u00ebl se m\u00eale la voix claire et<br>chaleureuse de Kevin Le Pennec. Ce trio complice m\u00e9tissant les influences d\u00e9veloppe un jeu subtil,<br>tout en gardant au c\u0153ur de sa musique les danses qui lui sont ch\u00e8res. Form\u00e9e en 2021 \u00e0 Rennes, La<br>M\u00e9zanj devient un incontournable de la sc\u00e8ne bretonne, \u00e0 danser comme \u00e0 \u00e9couter !<\/p>\n\n\n\n<p><br>Kevin Le Pennec \u2013 chant<br>Coline Genet \u2013 violon<br>Cl\u00e9mence Leno\u00ebl &#8211; violoncelle<\/p>\n\n\n\n<p><\/p>\n<\/div><\/div>\n\n\n\n<h2 class=\"wp-block-heading\"><\/h2>\n\n\n\n<figure class=\"wp-block-embed is-type-video is-provider-youtube wp-block-embed-youtube wp-embed-aspect-16-9 wp-has-aspect-ratio\"><div class=\"wp-block-embed__wrapper\">\n<iframe loading=\"lazy\" title=\"La M\u00e9zanj - Les sept anneaux\" width=\"1505\" height=\"847\" src=\"https:\/\/www.youtube.com\/embed\/ZcP8zvDw8vI?feature=oembed\" frameborder=\"0\" allow=\"accelerometer; autoplay; clipboard-write; encrypted-media; gyroscope; picture-in-picture; web-share\" referrerpolicy=\"strict-origin-when-cross-origin\" allowfullscreen><\/iframe>\n<\/div><\/figure>\n\n\n\n<p><\/p>\n","protected":false},"excerpt":{"rendered":"<p>La M\u00e9zanj La M\u00e9zanj d\u00e9ploie ses ailes, puisant ses inspirations dans le r\u00e9pertoire de Haute-Bretagne. Aux sonsdu violon de Coline Genet et du violoncelle de Cl\u00e9mence Leno\u00ebl se m\u00eale la voix claire etchaleureuse de Kevin Le Pennec. Ce trio complice m\u00e9tissant les influences d\u00e9veloppe un jeu subtil,tout en gardant au &hellip;<\/p>\n","protected":false},"author":2,"featured_media":0,"parent":87,"menu_order":0,"comment_status":"closed","ping_status":"closed","template":"","meta":{"footnotes":""},"class_list":["post-1674","page","type-page","status-publish","hentry"],"_links":{"self":[{"href":"https:\/\/assembllees-galezes.bzh\/index.php\/wp-json\/wp\/v2\/pages\/1674","targetHints":{"allow":["GET"]}}],"collection":[{"href":"https:\/\/assembllees-galezes.bzh\/index.php\/wp-json\/wp\/v2\/pages"}],"about":[{"href":"https:\/\/assembllees-galezes.bzh\/index.php\/wp-json\/wp\/v2\/types\/page"}],"author":[{"embeddable":true,"href":"https:\/\/assembllees-galezes.bzh\/index.php\/wp-json\/wp\/v2\/users\/2"}],"replies":[{"embeddable":true,"href":"https:\/\/assembllees-galezes.bzh\/index.php\/wp-json\/wp\/v2\/comments?post=1674"}],"version-history":[{"count":3,"href":"https:\/\/assembllees-galezes.bzh\/index.php\/wp-json\/wp\/v2\/pages\/1674\/revisions"}],"predecessor-version":[{"id":1776,"href":"https:\/\/assembllees-galezes.bzh\/index.php\/wp-json\/wp\/v2\/pages\/1674\/revisions\/1776"}],"up":[{"embeddable":true,"href":"https:\/\/assembllees-galezes.bzh\/index.php\/wp-json\/wp\/v2\/pages\/87"}],"wp:attachment":[{"href":"https:\/\/assembllees-galezes.bzh\/index.php\/wp-json\/wp\/v2\/media?parent=1674"}],"curies":[{"name":"wp","href":"https:\/\/api.w.org\/{rel}","templated":true}]}}