{"id":233,"date":"2025-01-31T14:35:26","date_gmt":"2025-01-31T13:35:26","guid":{"rendered":"https:\/\/benvoulants.assembllees-galezes.bzh\/?page_id=233"},"modified":"2026-02-08T20:35:56","modified_gmt":"2026-02-08T19:35:56","slug":"cordes-frottees","status":"publish","type":"page","link":"https:\/\/assembllees-galezes.bzh\/index.php\/le-festival\/stages\/cordes-frottees\/","title":{"rendered":"Cordes frott\u00e9es"},"content":{"rendered":"\n<blockquote class=\"wp-block-quote is-layout-flow wp-block-quote-is-layout-flow\">\n<h3 class=\"wp-block-heading\">Rouzines<\/h3>\n<\/blockquote>\n\n\n\n<p><br><em><strong>Niveau<\/strong>&nbsp;: un an de pratique<\/em> <em>minimum<\/em><\/p>\n\n\n\n<p>Si le nombre d&rsquo;inscrits est suffisant, le stage sera d\u00e9doubl\u00e9 avec deux groupes de niveaux.<\/p>\n\n\n\n<h3 class=\"wp-block-heading\" id=\"programme\"><strong>Programme<a href=\"https:\/\/assembllees-galezes.bzh\/festival\/stages\/cordes#programme\"><\/a><\/strong><\/h3>\n\n\n\n<p>Groove, ornementations, doubles cordes, travail d&rsquo;oreille, bidouilles sonores, jouer faux (mais pas que!), beaux airs, joie et plaisir de jouer ensemble seront au programme cette ann\u00e9e !<br>Bienvenue \u00e0 toustes celles et ceux qui aiment le violon de pr\u00e8s comme de loin, on va bien se marrer !<\/p>\n\n\n\n<p><\/p>\n\n\n\n<h3 class=\"wp-block-heading\" id=\"materiel\"><strong>Mat\u00e9riel<a href=\"https:\/\/assembllees-galezes.bzh\/festival\/stages\/cordes#materiel\"><\/a><\/strong><\/h3>\n\n\n\n<ul class=\"wp-block-list\">\n<li>un instrument (violon, alto, violoncelle, contrebasse) en bon \u00e9tat de jeu, cordes de rechange,<\/li>\n\n\n\n<li>de quoi enregistrer, papier, crayon.<\/li>\n<\/ul>\n\n\n\n<h3 class=\"wp-block-heading\"><strong>Enseignants : Floriane Le Pottier et Emmanuelle Bouthillier<\/strong><\/h3>\n\n\n\n<h3 class=\"wp-block-heading\"><strong>Floriane Le Pottier<\/strong><\/h3>\n\n\n\n<div class=\"wp-block-media-text is-stacked-on-mobile is-vertically-aligned-top\"><figure class=\"wp-block-media-text__media\"><img loading=\"lazy\" decoding=\"async\" width=\"1024\" height=\"784\" src=\"https:\/\/assembllees-galezes.bzh\/wp-content\/uploads\/2026\/02\/flo-pot-1-1024x784.jpg\" alt=\"\" class=\"wp-image-1410 size-full\" srcset=\"https:\/\/assembllees-galezes.bzh\/wp-content\/uploads\/2026\/02\/flo-pot-1-1024x784.jpg 1024w, https:\/\/assembllees-galezes.bzh\/wp-content\/uploads\/2026\/02\/flo-pot-1-300x230.jpg 300w, https:\/\/assembllees-galezes.bzh\/wp-content\/uploads\/2026\/02\/flo-pot-1-768x588.jpg 768w, https:\/\/assembllees-galezes.bzh\/wp-content\/uploads\/2026\/02\/flo-pot-1-1536x1175.jpg 1536w, https:\/\/assembllees-galezes.bzh\/wp-content\/uploads\/2026\/02\/flo-pot-1-261x200.jpg 261w, https:\/\/assembllees-galezes.bzh\/wp-content\/uploads\/2026\/02\/flo-pot-1.jpg 2048w\" sizes=\"auto, (max-width: 1024px) 100vw, 1024px\" \/><\/figure><div class=\"wp-block-media-text__content\">\n<p>Floriane Le Pottier&nbsp;&nbsp;commence le violon \u00e0 5 ans, en \u00e9tudiant \u00e0 la fois les musiques classiques et traditionnelles. Apr\u00e8s la fac de musique, elle suit la formation du CFMI (Centre de Formation des Musiciens Intervenants) et obtient son DUMI en 2012. En 2014, elle monte le collectif \u00ab&nbsp;Les pieds dans l\u2019bal&nbsp;\u00bb avec 5 autres \u00ab&nbsp;dumistes&nbsp;\u00bb musiciens et fait maintenant danser, \u00e0 travers toute la Bretagne, des centaines d\u2019enfants lors de bals bretons et bals du monde. Bien que passionn\u00e9e par la p\u00e9dagogie, elle choisit finalement de se consacrer principalement \u00e0 sa recherche artistique.<\/p>\n\n\n\n<p>Elle remporte le championnat de Bretagne de musique traditionnelle en duo avec Jonathan Dour en 2011 et constitue le groupe \u00ab&nbsp;Dour\/ Le Pottier Quartet&nbsp;\u00bb qui sillonne d\u00e9sormais toute la Bretagne, la France et l\u2019Europe. Les deux albums du groupe, sortis en mars 2014 et f\u00e9vrier 2017, sont accueillis de fa\u00e7on tr\u00e8s positive par la presse sp\u00e9cialis\u00e9e.<\/p>\n\n\n\n<p>Elle collabore avec Jonathan Dour \u00e0 de nombreux projets et enregistrements d\u2019albums dans des formations comme le \u00ab&nbsp;Bagad Cap Caval&nbsp;\u00bb, \u00ab&nbsp;An tri Dipop&nbsp;\u00bb&nbsp;ou \u00ab&nbsp;Nolwenn Korbell&nbsp;\u00bb.<\/p>\n\n\n\n<h2 class=\"wp-block-heading\"><\/h2>\n<\/div><\/div>\n\n\n\n<p>Parall\u00e8lement aux nombreux Fest-Noz qu\u2019elle anime, elle forme le duo \u00ab&nbsp;Dua Bahasa&nbsp;\u00bb avec Morgane Labbe (accord\u00e9on et chant) qui cr\u00e9e ainsi un univers particulier autour de compositions acoustiques et oniriques.<\/p>\n\n\n\n<p>Elle se passionne pour la musique traditionnelle su\u00e9doise et entreprend plusieurs voyages en Su\u00e8de aupr\u00e8s de musiciens de renom puis cr\u00e9e le trio \u00ab&nbsp;SkeeQ&nbsp;\u00bb, musique d\u2019inspiration scandinave avec Mael Lhopiteau \u00e0 la harpe et Tristan Le Breton \u00e0 la guitare (nouvel album paru en octobre 2017).<\/p>\n\n\n\n<p>En recherche constante de nouvelles ouvertures musicales, elle int\u00e8gre en 2014 la 5\u00e8me&nbsp;Kreiz Breizh Akademi,&nbsp;formation professionnelle autour des musiques modales dirig\u00e9e par Erik Marchand. Lors de ce cursus, elle a eu la chance d\u2019\u00eatre form\u00e9e par de grands ma\u00eetres tels Ross Daly, Fawaz Baker, H\u00e9l\u00e8ne Labarri\u00e8re, Jacky Molard, Dominique Pifarelly, \u2026<\/p>\n\n\n\n<p>Elle accompagne actuellement de nombreux chanteurs tels Gilles Servat, Nolwenn Korbell, Dominique Babilotte, Vince Lahay ou encore Denez.<\/p>\n\n\n\n<h3 class=\"wp-block-heading\">Emmanuelle Bouthillier<\/h3>\n\n\n\n<div class=\"wp-block-media-text is-stacked-on-mobile is-vertically-aligned-top\" style=\"grid-template-columns:36% auto\"><figure class=\"wp-block-media-text__media\"><img loading=\"lazy\" decoding=\"async\" width=\"651\" height=\"1024\" src=\"https:\/\/assembllees-galezes.bzh\/wp-content\/uploads\/2026\/02\/manu-bout-651x1024.jpg\" alt=\"\" class=\"wp-image-1416 size-full\" srcset=\"https:\/\/assembllees-galezes.bzh\/wp-content\/uploads\/2026\/02\/manu-bout-651x1024.jpg 651w, https:\/\/assembllees-galezes.bzh\/wp-content\/uploads\/2026\/02\/manu-bout-191x300.jpg 191w, https:\/\/assembllees-galezes.bzh\/wp-content\/uploads\/2026\/02\/manu-bout-768x1209.jpg 768w, https:\/\/assembllees-galezes.bzh\/wp-content\/uploads\/2026\/02\/manu-bout-976x1536.jpg 976w, https:\/\/assembllees-galezes.bzh\/wp-content\/uploads\/2026\/02\/manu-bout-127x200.jpg 127w, https:\/\/assembllees-galezes.bzh\/wp-content\/uploads\/2026\/02\/manu-bout.jpg 1301w\" sizes=\"auto, (max-width: 651px) 100vw, 651px\" \/><\/figure><div class=\"wp-block-media-text__content\">\n<p>N\u00e9e \u00e0 Rennes, Emmanuelle est tomb\u00e9e petite dans la marmite des musiques de tradition orale, \u00e0 cheval entre la Bretagne et le Qu\u00e9bec.<\/p>\n\n\n\n<p>Entre parcours associatif, institutionnel et autodidacte, sa formation est \u00e9clectique. Biberonn\u00e9e \u00e0 la chanson, \u00e0 la musique et au conte dans son milieu familial, elle a construit sa pratique de multi-instrumentiste dans l\u2019enfance et l\u2019adolescence gr\u00e2ce aux associations locales qui dispensaient des cours de musique traditionnelle : violon, piano et clarinette sont alors devenus tour \u00e0 tour ses compagnons de jeu. Une fois adulte et apr\u00e8s une licence de g\u00e9ographie, Emmanuelle prend le chemin des parcours dipl\u00f4mants en musiques traditionnelles. Elle est aujourd\u2019hui titulaire d\u2019une licence de musicien interpr\u00e8te (DNSPM) et d\u2019un Dipl\u00f4me d\u2019Etat (DE) obtenus au P\u00f4le d\u2019Enseignement Sup\u00e9rieur Bretagne Pays de Loire.<\/p>\n\n\n\n<p>Depuis 2012, Emmanuelle vit d\u2019une double pratique professionnelle. D\u2019une part, elle enseigne le violon et le chant traditionnels de fa\u00e7on r\u00e9guli\u00e8re ou sous forme de stages ponctuels. Elle a exerc\u00e9 au sein de plusieurs associations de musiques traditionnelles en Ille-et-Vilaine (le GCBPV \u00e0 Redon, la Bou\u00e8ze \u00e0 Rennes, l\u2019Association les Menhirs au Sel-de-Bretagne et GalloTonic \u00e0 Liffr\u00e9) mais aussi dans le cadre de quelques institutions (le Pont Sup\u00e9rieur \u00e0 Rennes, le Conservatoire Lannion-Tr\u00e9gor et le Conservatoire \u00e0 Rayonnement R\u00e9gional de Rennes, dans lequel elle enseigne toujours actuellement). D\u2019autre part, Emmanuelle entretient une pratique artistique assidue. \u00c0 l\u2019heure actuelle, elle joue et chante, \u00e0 danser ou non, dans plusieurs formations dont Planch\u00e9e, l\u2019Abrasive, la S\u00e8rcl, Lihou, Joli Gris Jaune, le duo Bouthillier\u00b2 et Tot\u00e2ll Rec\u00e2ll. Emmanuelle propose aussi des formules en solo, en bal ou en concert. Son terrain de jeu privil\u00e9gi\u00e9 se d\u00e9ploie sur l\u2019ensemble de l\u2019aire culturelle francophone, avec un focus sur la Haute-Bretagne et l\u2019Est de l\u2019Am\u00e9rique du Nord.<\/p>\n\n\n\n<p>Apr\u00e8s cette trentaine d\u2019ann\u00e9es de pratique, sa passion ne d\u00e9cline pas : de la musique \u00e0 la danse en passant par le chant, le conte et la langue, ce sont toutes les facettes du patrimoine culturel immat\u00e9riel qui l\u2019int\u00e9ressent. Ce qu\u2019Emmanuelle aime en particulier c\u2019est \u00ab faire du lien \u00bb : du lien entre les r\u00e9pertoires, entre les territoires et entre les gens qui les font vivre.<\/p>\n<\/div><\/div>\n\n\n\n<h2 class=\"wp-block-heading\"><\/h2>\n\n\n\n<div class=\"wp-block-columns is-layout-flex wp-container-core-columns-is-layout-9d6595d7 wp-block-columns-is-layout-flex\">\n<div class=\"wp-block-column is-layout-flow wp-block-column-is-layout-flow\">\n<figure class=\"wp-block-image size-large\"><a href=\"https:\/\/assembllees-galezes.bzh\/index.php\/inscription-moyen-de-paiement\/\"><img loading=\"lazy\" decoding=\"async\" width=\"1024\" height=\"149\" src=\"https:\/\/assembllees-galezes.bzh\/wp-content\/uploads\/2026\/01\/3-3-1024x149.png\" alt=\"\" class=\"wp-image-1180\" srcset=\"https:\/\/assembllees-galezes.bzh\/wp-content\/uploads\/2026\/01\/3-3-1024x149.png 1024w, https:\/\/assembllees-galezes.bzh\/wp-content\/uploads\/2026\/01\/3-3-300x44.png 300w, https:\/\/assembllees-galezes.bzh\/wp-content\/uploads\/2026\/01\/3-3-768x112.png 768w, https:\/\/assembllees-galezes.bzh\/wp-content\/uploads\/2026\/01\/3-3-1536x223.png 1536w, https:\/\/assembllees-galezes.bzh\/wp-content\/uploads\/2026\/01\/3-3-2048x298.png 2048w, https:\/\/assembllees-galezes.bzh\/wp-content\/uploads\/2026\/01\/3-3-941x137.png 941w\" sizes=\"auto, (max-width: 1024px) 100vw, 1024px\" \/><\/a><\/figure>\n<\/div>\n\n\n\n<div class=\"wp-block-column is-layout-flow wp-block-column-is-layout-flow\">\n<figure class=\"wp-block-image size-large\"><a href=\"https:\/\/assembllees-galezes.bzh\/index.php\/informations-pratiques-des-stages\/\"><img loading=\"lazy\" decoding=\"async\" width=\"1024\" height=\"149\" src=\"https:\/\/assembllees-galezes.bzh\/wp-content\/uploads\/2026\/01\/4-3-1024x149.png\" alt=\"\" class=\"wp-image-1181\" srcset=\"https:\/\/assembllees-galezes.bzh\/wp-content\/uploads\/2026\/01\/4-3-1024x149.png 1024w, https:\/\/assembllees-galezes.bzh\/wp-content\/uploads\/2026\/01\/4-3-300x44.png 300w, https:\/\/assembllees-galezes.bzh\/wp-content\/uploads\/2026\/01\/4-3-768x112.png 768w, https:\/\/assembllees-galezes.bzh\/wp-content\/uploads\/2026\/01\/4-3-1536x223.png 1536w, https:\/\/assembllees-galezes.bzh\/wp-content\/uploads\/2026\/01\/4-3-2048x298.png 2048w, https:\/\/assembllees-galezes.bzh\/wp-content\/uploads\/2026\/01\/4-3-941x137.png 941w\" sizes=\"auto, (max-width: 1024px) 100vw, 1024px\" \/><\/a><\/figure>\n<\/div>\n<\/div>\n","protected":false},"excerpt":{"rendered":"<p>Rouzines Niveau&nbsp;: un an de pratique minimum Si le nombre d&rsquo;inscrits est suffisant, le stage sera d\u00e9doubl\u00e9 avec deux groupes de niveaux. Programme Groove, ornementations, doubles cordes, travail d&rsquo;oreille, bidouilles sonores, jouer faux (mais pas que!), beaux airs, joie et plaisir de jouer ensemble seront au programme cette ann\u00e9e !Bienvenue &hellip;<\/p>\n","protected":false},"author":2,"featured_media":0,"parent":114,"menu_order":4,"comment_status":"closed","ping_status":"closed","template":"","meta":{"footnotes":""},"class_list":["post-233","page","type-page","status-publish","hentry"],"_links":{"self":[{"href":"https:\/\/assembllees-galezes.bzh\/index.php\/wp-json\/wp\/v2\/pages\/233","targetHints":{"allow":["GET"]}}],"collection":[{"href":"https:\/\/assembllees-galezes.bzh\/index.php\/wp-json\/wp\/v2\/pages"}],"about":[{"href":"https:\/\/assembllees-galezes.bzh\/index.php\/wp-json\/wp\/v2\/types\/page"}],"author":[{"embeddable":true,"href":"https:\/\/assembllees-galezes.bzh\/index.php\/wp-json\/wp\/v2\/users\/2"}],"replies":[{"embeddable":true,"href":"https:\/\/assembllees-galezes.bzh\/index.php\/wp-json\/wp\/v2\/comments?post=233"}],"version-history":[{"count":17,"href":"https:\/\/assembllees-galezes.bzh\/index.php\/wp-json\/wp\/v2\/pages\/233\/revisions"}],"predecessor-version":[{"id":1436,"href":"https:\/\/assembllees-galezes.bzh\/index.php\/wp-json\/wp\/v2\/pages\/233\/revisions\/1436"}],"up":[{"embeddable":true,"href":"https:\/\/assembllees-galezes.bzh\/index.php\/wp-json\/wp\/v2\/pages\/114"}],"wp:attachment":[{"href":"https:\/\/assembllees-galezes.bzh\/index.php\/wp-json\/wp\/v2\/media?parent=233"}],"curies":[{"name":"wp","href":"https:\/\/api.w.org\/{rel}","templated":true}]}}

Cordes frottées

<blockquote class="wp-block-quote is-layout-flow wp-block-quote-is-layout-flow">
<h3 class="wp-block-heading">Rouzines</h3>
</blockquote>



<p><br><em><strong>Niveau</strong>&nbsp;: un an de pratique</em> <em>minimum</em></p>



<p>Si le nombre d&rsquo;inscrits est suffisant, le stage sera dédoublé avec deux groupes de niveaux.</p>



<h3 class="wp-block-heading" id="programme"><strong>Programme<a href="https://assembllees-galezes.bzh/festival/stages/cordes#programme"></a></strong></h3>



<p>Groove, ornementations, doubles cordes, travail d&rsquo;oreille, bidouilles sonores, jouer faux (mais pas que!), beaux airs, joie et plaisir de jouer ensemble seront au programme cette année !<br>Bienvenue à toustes celles et ceux qui aiment le violon de près comme de loin, on va bien se marrer !</p>



<p></p>



<h3 class="wp-block-heading" id="materiel"><strong>Matériel<a href="https://assembllees-galezes.bzh/festival/stages/cordes#materiel"></a></strong></h3>



<ul class="wp-block-list">
<li>un instrument (violon, alto, violoncelle, contrebasse) en bon état de jeu, cordes de rechange,</li>



<li>de quoi enregistrer, papier, crayon.</li>
</ul>



<h3 class="wp-block-heading"><strong>Enseignants : Floriane Le Pottier et Emmanuelle Bouthillier</strong></h3>



<h3 class="wp-block-heading"><strong>Floriane Le Pottier</strong></h3>



<div class="wp-block-media-text is-stacked-on-mobile is-vertically-aligned-top"><figure class="wp-block-media-text__media"><img loading="lazy" decoding="async" width="1024" height="784" src="https://assembllees-galezes.bzh/wp-content/uploads/2026/02/flo-pot-1-1024x784.jpg" alt="" class="wp-image-1410 size-full" srcset="https://assembllees-galezes.bzh/wp-content/uploads/2026/02/flo-pot-1-1024x784.jpg 1024w, https://assembllees-galezes.bzh/wp-content/uploads/2026/02/flo-pot-1-300x230.jpg 300w, https://assembllees-galezes.bzh/wp-content/uploads/2026/02/flo-pot-1-768x588.jpg 768w, https://assembllees-galezes.bzh/wp-content/uploads/2026/02/flo-pot-1-1536x1175.jpg 1536w, https://assembllees-galezes.bzh/wp-content/uploads/2026/02/flo-pot-1-261x200.jpg 261w, https://assembllees-galezes.bzh/wp-content/uploads/2026/02/flo-pot-1.jpg 2048w" sizes="auto, (max-width: 1024px) 100vw, 1024px" /></figure><div class="wp-block-media-text__content">
<p>Floriane Le Pottier&nbsp;&nbsp;commence le violon à 5 ans, en étudiant à la fois les musiques classiques et traditionnelles. Après la fac de musique, elle suit la formation du CFMI (Centre de Formation des Musiciens Intervenants) et obtient son DUMI en 2012. En 2014, elle monte le collectif «&nbsp;Les pieds dans l’bal&nbsp;» avec 5 autres «&nbsp;dumistes&nbsp;» musiciens et fait maintenant danser, à travers toute la Bretagne, des centaines d’enfants lors de bals bretons et bals du monde. Bien que passionnée par la pédagogie, elle choisit finalement de se consacrer principalement à sa recherche artistique.</p>



<p>Elle remporte le championnat de Bretagne de musique traditionnelle en duo avec Jonathan Dour en 2011 et constitue le groupe «&nbsp;Dour/ Le Pottier Quartet&nbsp;» qui sillonne désormais toute la Bretagne, la France et l’Europe. Les deux albums du groupe, sortis en mars 2014 et février 2017, sont accueillis de façon très positive par la presse spécialisée.</p>



<p>Elle collabore avec Jonathan Dour à de nombreux projets et enregistrements d’albums dans des formations comme le «&nbsp;Bagad Cap Caval&nbsp;», «&nbsp;An tri Dipop&nbsp;»&nbsp;ou «&nbsp;Nolwenn Korbell&nbsp;».</p>



<h2 class="wp-block-heading"></h2>
</div></div>



<p>Parallèlement aux nombreux Fest-Noz qu’elle anime, elle forme le duo «&nbsp;Dua Bahasa&nbsp;» avec Morgane Labbe (accordéon et chant) qui crée ainsi un univers particulier autour de compositions acoustiques et oniriques.</p>



<p>Elle se passionne pour la musique traditionnelle suédoise et entreprend plusieurs voyages en Suède auprès de musiciens de renom puis crée le trio «&nbsp;SkeeQ&nbsp;», musique d’inspiration scandinave avec Mael Lhopiteau à la harpe et Tristan Le Breton à la guitare (nouvel album paru en octobre 2017).</p>



<p>En recherche constante de nouvelles ouvertures musicales, elle intègre en 2014 la 5ème&nbsp;Kreiz Breizh Akademi,&nbsp;formation professionnelle autour des musiques modales dirigée par Erik Marchand. Lors de ce cursus, elle a eu la chance d’être formée par de grands maîtres tels Ross Daly, Fawaz Baker, Hélène Labarrière, Jacky Molard, Dominique Pifarelly, …</p>



<p>Elle accompagne actuellement de nombreux chanteurs tels Gilles Servat, Nolwenn Korbell, Dominique Babilotte, Vince Lahay ou encore Denez.</p>



<h3 class="wp-block-heading">Emmanuelle Bouthillier</h3>



<div class="wp-block-media-text is-stacked-on-mobile is-vertically-aligned-top" style="grid-template-columns:36% auto"><figure class="wp-block-media-text__media"><img loading="lazy" decoding="async" width="651" height="1024" src="https://assembllees-galezes.bzh/wp-content/uploads/2026/02/manu-bout-651x1024.jpg" alt="" class="wp-image-1416 size-full" srcset="https://assembllees-galezes.bzh/wp-content/uploads/2026/02/manu-bout-651x1024.jpg 651w, https://assembllees-galezes.bzh/wp-content/uploads/2026/02/manu-bout-191x300.jpg 191w, https://assembllees-galezes.bzh/wp-content/uploads/2026/02/manu-bout-768x1209.jpg 768w, https://assembllees-galezes.bzh/wp-content/uploads/2026/02/manu-bout-976x1536.jpg 976w, https://assembllees-galezes.bzh/wp-content/uploads/2026/02/manu-bout-127x200.jpg 127w, https://assembllees-galezes.bzh/wp-content/uploads/2026/02/manu-bout.jpg 1301w" sizes="auto, (max-width: 651px) 100vw, 651px" /></figure><div class="wp-block-media-text__content">
<p>Née à Rennes, Emmanuelle est tombée petite dans la marmite des musiques de tradition orale, à cheval entre la Bretagne et le Québec.</p>



<p>Entre parcours associatif, institutionnel et autodidacte, sa formation est éclectique. Biberonnée à la chanson, à la musique et au conte dans son milieu familial, elle a construit sa pratique de multi-instrumentiste dans l’enfance et l’adolescence grâce aux associations locales qui dispensaient des cours de musique traditionnelle : violon, piano et clarinette sont alors devenus tour à tour ses compagnons de jeu. Une fois adulte et après une licence de géographie, Emmanuelle prend le chemin des parcours diplômants en musiques traditionnelles. Elle est aujourd’hui titulaire d’une licence de musicien interprète (DNSPM) et d’un Diplôme d’Etat (DE) obtenus au Pôle d’Enseignement Supérieur Bretagne Pays de Loire.</p>



<p>Depuis 2012, Emmanuelle vit d’une double pratique professionnelle. D’une part, elle enseigne le violon et le chant traditionnels de façon régulière ou sous forme de stages ponctuels. Elle a exercé au sein de plusieurs associations de musiques traditionnelles en Ille-et-Vilaine (le GCBPV à Redon, la Bouèze à Rennes, l’Association les Menhirs au Sel-de-Bretagne et GalloTonic à Liffré) mais aussi dans le cadre de quelques institutions (le Pont Supérieur à Rennes, le Conservatoire Lannion-Trégor et le Conservatoire à Rayonnement Régional de Rennes, dans lequel elle enseigne toujours actuellement). D’autre part, Emmanuelle entretient une pratique artistique assidue. À l’heure actuelle, elle joue et chante, à danser ou non, dans plusieurs formations dont Planchée, l’Abrasive, la Sèrcl, Lihou, Joli Gris Jaune, le duo Bouthillier² et Totâll Recâll. Emmanuelle propose aussi des formules en solo, en bal ou en concert. Son terrain de jeu privilégié se déploie sur l’ensemble de l’aire culturelle francophone, avec un focus sur la Haute-Bretagne et l’Est de l’Amérique du Nord.</p>



<p>Après cette trentaine d’années de pratique, sa passion ne décline pas : de la musique à la danse en passant par le chant, le conte et la langue, ce sont toutes les facettes du patrimoine culturel immatériel qui l’intéressent. Ce qu’Emmanuelle aime en particulier c’est « faire du lien » : du lien entre les répertoires, entre les territoires et entre les gens qui les font vivre.</p>
</div></div>



<h2 class="wp-block-heading"></h2>



<div class="wp-block-columns is-layout-flex wp-container-core-columns-is-layout-9d6595d7 wp-block-columns-is-layout-flex">
<div class="wp-block-column is-layout-flow wp-block-column-is-layout-flow">
<figure class="wp-block-image size-large"><a href="https://assembllees-galezes.bzh/index.php/inscription-moyen-de-paiement/"><img loading="lazy" decoding="async" width="1024" height="149" src="https://assembllees-galezes.bzh/wp-content/uploads/2026/01/3-3-1024x149.png" alt="" class="wp-image-1180" srcset="https://assembllees-galezes.bzh/wp-content/uploads/2026/01/3-3-1024x149.png 1024w, https://assembllees-galezes.bzh/wp-content/uploads/2026/01/3-3-300x44.png 300w, https://assembllees-galezes.bzh/wp-content/uploads/2026/01/3-3-768x112.png 768w, https://assembllees-galezes.bzh/wp-content/uploads/2026/01/3-3-1536x223.png 1536w, https://assembllees-galezes.bzh/wp-content/uploads/2026/01/3-3-2048x298.png 2048w, https://assembllees-galezes.bzh/wp-content/uploads/2026/01/3-3-941x137.png 941w" sizes="auto, (max-width: 1024px) 100vw, 1024px" /></a></figure>
</div>



<div class="wp-block-column is-layout-flow wp-block-column-is-layout-flow">
<figure class="wp-block-image size-large"><a href="https://assembllees-galezes.bzh/index.php/informations-pratiques-des-stages/"><img loading="lazy" decoding="async" width="1024" height="149" src="https://assembllees-galezes.bzh/wp-content/uploads/2026/01/4-3-1024x149.png" alt="" class="wp-image-1181" srcset="https://assembllees-galezes.bzh/wp-content/uploads/2026/01/4-3-1024x149.png 1024w, https://assembllees-galezes.bzh/wp-content/uploads/2026/01/4-3-300x44.png 300w, https://assembllees-galezes.bzh/wp-content/uploads/2026/01/4-3-768x112.png 768w, https://assembllees-galezes.bzh/wp-content/uploads/2026/01/4-3-1536x223.png 1536w, https://assembllees-galezes.bzh/wp-content/uploads/2026/01/4-3-2048x298.png 2048w, https://assembllees-galezes.bzh/wp-content/uploads/2026/01/4-3-941x137.png 941w" sizes="auto, (max-width: 1024px) 100vw, 1024px" /></a></figure>
</div>
</div>

<p>Rouzines Niveau&nbsp;: un an de pratique minimum Si le nombre d&rsquo;inscrits est suffisant, le stage sera dédoublé avec deux groupes de niveaux. Programme Groove, ornementations, doubles cordes, travail d&rsquo;oreille, bidouilles sonores, jouer faux (mais pas que!), beaux airs, joie et plaisir de jouer ensemble seront au programme cette année !Bienvenue &hellip;</p>
