{"id":296,"date":"2025-01-31T16:06:43","date_gmt":"2025-01-31T15:06:43","guid":{"rendered":"https:\/\/benvoulants.assembllees-galezes.bzh\/?page_id=296"},"modified":"2026-02-08T20:38:10","modified_gmt":"2026-02-08T19:38:10","slug":"jaze-es-galezes","status":"publish","type":"page","link":"https:\/\/assembllees-galezes.bzh\/index.php\/le-festival\/stages\/jaze-es-galezes\/","title":{"rendered":"J\u00e2ze \u00e8s gal\u00e8zes"},"content":{"rendered":"\n<blockquote class=\"wp-block-quote is-layout-flow wp-block-quote-is-layout-flow\">\n<h1 class=\"wp-block-heading\" id=\"le_jaze_es_galezes\">Le J\u00e2ze \u00e8s Gal\u00e8zes<a href=\"https:\/\/assembllees-galezes.bzh\/festival\/stages\/orchestre#le_jaze_es_galezes\"><\/a><\/h1>\n\n\n\n<p><em>\u2026 ou des gallois bal\u00e8zes&nbsp;<\/em><\/p>\n<\/blockquote>\n\n\n\n<p><\/p>\n\n\n\n<h3 class=\"wp-block-heading\">RONAN LE GOURIEREC &amp; L\u2019orchestre des bal\u00e8zes ou \u00ab&nbsp;\u00e9quipe a&nbsp;\u00bb<\/h3>\n\n\n\n<p>Pour tous les instruments (groupe + avanc\u00e9)<\/p>\n\n\n\n<p>Apprentissage oral de th\u00e8mes d\u00e9di\u00e9s \u00e0 la danse, arrangement et travail sur les nuances, jeu sur les associations de timbres d\u2019instruments. Travail d\u2019\u00e9coute des autres, de placement personnel par rapport \u00e0 l\u2019orchestre (se mettre en avant ou en retrait) tout en laissant des plages libres afin que tous celles et ceux qui le souhaitent puissent improviser. Apprentissage des pas de danse. Les phras\u00e9s, les unissons, la posture, les respirations\u2026 ainsi que l\u2019\u00e9nergie seront abord\u00e9s au cours de ce stage.<\/p>\n\n\n\n<h3 class=\"wp-block-heading\">DYLAN JAMES &amp; L\u2019orchestre des gallois \u00e0 l\u2019aise ou \u00ab&nbsp;\u00e9quipe b&nbsp;\u00bb<\/h3>\n\n\n\n<p>Pour tous les instruments et voix (groupe + d\u00e9butant)<\/p>\n\n\n\n<p>D\u00e9couverte\/travail oral sur le r\u00e9pertoire dans\u00e9 ou chant\u00e9 de Haute-Bretagne, s\u2019amuser autour, inventer dedans, d\u00e9couvrir diff\u00e9rentes fa\u00e7ons de mettre en son collectif, adapter \u00e0 l\u2019instrumentarium, comment partager ses go\u00fbts avec ceux des autres, et comment improviser peut \u00eatre une vraie source de cr\u00e9ativit\u00e9\u2026 ou comment les sources peuvent g\u00e9n\u00e9rer de vraies improvisations. Mais aussi l\u2019assise rythmique en groupe, le tempo et l\u2019\u00e9coute des m\u00e9lodistes. Nous nous baserons r\u00e9guli\u00e8rement sur le chant et la danse.<\/p>\n\n\n\n<p>Si possible penser \u00e0 des options d\u2019instruments pour \u00eatre mobiles (exemple melodica ou accord\u00e9on chromatique touche piano pour les clavieristes), en + de vos instruments de pr\u00e9dilections. Multi-instruments bienvenus&nbsp;!<\/p>\n\n\n\n<p>Vous n\u2019\u00eates pas famili\u00e9s avec le terroir gallo&nbsp;? Vous d\u00e9couvrirez votre gallois int\u00e9rieur&nbsp;! (humour priv\u00e9 \u00e0 l\u2019initiative de l\u2019intervenant)<\/p>\n\n\n\n<p>Pour la fluidit\u00e9 des stagiaires nous serons le \u00ab&nbsp;2\u00e8me groupe&nbsp;\u00bb, mais nous partagerons de nombreux axes de travail avec le \u00ab&nbsp;1er groupe&nbsp;\u00bb. Et qui sait un morceau en commun&nbsp;!<\/p>\n\n\n\n<p>Chaque personne pourra travailler \u00e0 son niveau.<\/p>\n\n\n\n<p>Il est demand\u00e9 un minimum d\u20191 an de pratique assidue \u00e0 l\u2019instrument (ou 3 ann\u00e9es, 43 jours, 3 heures et 13 minutes de pratique un peu laxiste) et surtout un minimum de motivation \u00e0 aborder la mati\u00e8re propos\u00e9e de fa\u00e7on collective&nbsp;!<\/p>\n\n\n\n<h3 class=\"wp-block-heading\" id=\"materiel_et_conditions_pratiques\">Mat\u00e9riel et conditions pratiques<strong><a href=\"https:\/\/assembllees-galezes.bzh\/festival\/stages\/orchestre#materiel_et_conditions_pratiques\"><\/a><\/strong><\/h3>\n\n\n\n<ul class=\"wp-block-list\">\n<li>votre (vos) instruments pr\u00e9f\u00e9r\u00e9s (merci de signaler ce choix dans le message \u00e0 l&rsquo;animateur)<\/li>\n\n\n\n<li>de quoi noter et enregistrer<\/li>\n<\/ul>\n\n\n\n<h1 class=\"wp-block-heading\"><strong>Enseignants : Dylan James et Ronan Le Gouri\u00e9rec<\/strong><\/h1>\n\n\n\n<h3 class=\"wp-block-heading\">Dylan James<\/h3>\n\n\n\n<div class=\"wp-block-columns is-layout-flex wp-container-core-columns-is-layout-9d6595d7 wp-block-columns-is-layout-flex\">\n<div class=\"wp-block-column is-layout-flow wp-block-column-is-layout-flow\">\n<figure class=\"wp-block-image size-large is-resized\"><img loading=\"lazy\" decoding=\"async\" width=\"683\" height=\"1024\" src=\"https:\/\/assembllees-galezes.bzh\/wp-content\/uploads\/2026\/02\/dylan-james-2-683x1024.jpg\" alt=\"\" class=\"wp-image-1320\" style=\"aspect-ratio:0.6670012695226004;width:764px;height:auto\" srcset=\"https:\/\/assembllees-galezes.bzh\/wp-content\/uploads\/2026\/02\/dylan-james-2-683x1024.jpg 683w, https:\/\/assembllees-galezes.bzh\/wp-content\/uploads\/2026\/02\/dylan-james-2-200x300.jpg 200w, https:\/\/assembllees-galezes.bzh\/wp-content\/uploads\/2026\/02\/dylan-james-2-768x1152.jpg 768w, https:\/\/assembllees-galezes.bzh\/wp-content\/uploads\/2026\/02\/dylan-james-2-1024x1536.jpg 1024w, https:\/\/assembllees-galezes.bzh\/wp-content\/uploads\/2026\/02\/dylan-james-2-133x200.jpg 133w, https:\/\/assembllees-galezes.bzh\/wp-content\/uploads\/2026\/02\/dylan-james-2.jpg 1365w\" sizes=\"auto, (max-width: 683px) 100vw, 683px\" \/><\/figure>\n<\/div>\n\n\n\n<div class=\"wp-block-column is-layout-flow wp-block-column-is-layout-flow\">\n<p><\/p>\n\n\n\n<p>Dylan James est un \u00ab&nbsp;enfant des parquets&nbsp;\u00bb, de cette g\u00e9n\u00e9ration qui a grandi au milieu des rondes, au coeur des fest-noz Morbihannais sans prendre la mesure de ce qui se tramait autour de lui. M\u00eame si ses deux parents sont musicien.ne.s passionn\u00e9.es par les musiques d\u2019Irlande et de Bretagne &#8211; et du Pays-de galles de son p\u00e8re l\u2019accord\u00e9oniste-chanteur Mike James, la musique est venue par hasard, adolescent. Et c\u2019est par des ami.es qu\u2019il va s\u2019initier \u00e0 la basse \u00e9lectrique et au fest-noz, qui sera sa premi\u00e8re \u00e9cole de musique, celle de l\u2019oralit\u00e9, du rapport \u00e0 la danse, une \u00e9cole d\u2019auto-didacte aussi.<\/p>\n\n\n\n<p>Apr\u00e8s des stages marquants \u00e0 Ti Kendalc\u2019h avec Ronan Pellen et des premiers enregistrements avec son p\u00e8re, ce sont les \u00e9tudes d\u2019anthropologie \u00e0 l\u2019\u00e9tranger apr\u00e8s lesquelles le retour en Bretagne sonne le d\u00e9but des aventures musicales, et des amours avec la contrebasse.<\/p>\n\n\n\n<p>Tout en passant un an et demi en tant que coordinateur p\u00e9dagogique de l\u2019association la Bou\u00e8ze, il entre dans le troisi\u00e8me collectif Kreiz Breizh Akademi dont il sera dipl\u00f4m\u00e9 \u00ab&nbsp;musicien des musiques modales&nbsp;\u00bb et gr\u00e2ce auquel il se professionnalise ensuite.<\/p>\n\n\n\n<p>&nbsp;&nbsp;&nbsp;&nbsp;&nbsp;&nbsp;&nbsp;&nbsp;&nbsp;&nbsp;&nbsp; Il forme le groupe An Tri Dipop autour du r\u00e9pertoire vannetais d\u2019Anjela Lorho-Pasco, le trio swing-gavotte de Thomas Moisson qui m\u00e8nera \u00e0 la cr\u00e9ation Am\u00e9ricano-bretonne Glaz Road.&nbsp;<\/p>\n\n\n\n<p>Il essaie le conservatoire de jazz pendant quelques ann\u00e9es mais \u00e7a ne lui r\u00e9ussi pas trop, mais fera de nombreuses formations marquantes autour de l\u2019improvisation, la contrebasse et les musiques traditionnelles avec H\u00e9l\u00e8ne Labarri\u00e8re, Camel Zekri, Ross Daly, Fran\u00e7ois Corneloup, Ronan Courty, Sarah Murcia\u2026<\/p>\n\n\n\n<p>En parall\u00e8le du fest-noz, il m\u00e8ne de nombreuses explorations en chanson bretonne (Skaramaka), chanson \u00e0 texte francophone et anglophone (L\u2019o\u00e9z\u00e9 avec Anne-Ga\u00eblle Normand, Vince Lahay) en improvisation (Luge, Thomas James Folks), tout en multipliant les collaborations ponctuelles qui le rendront un peu schizophr\u00e8ne&nbsp;! (Caroline, Laura Perrudin, l\u2019ARFI, Nefertiti in the kitchen, Amzer avec Yann-Franch Kemener puis Annie Ebrel, McDonnell trio, Heikki Bougault &amp; Calum Stewart, Timoth\u00e9e Le Net, Ormuz, Spontus, Mickael Vidal, A boz, Skeeq\u2026). <\/p>\n\n\n\n<p>&nbsp;&nbsp;&nbsp;&nbsp;&nbsp;&nbsp;&nbsp;&nbsp;&nbsp;&nbsp;&nbsp;<\/p>\n<\/div>\n<\/div>\n\n\n\n<p>Il participera \u00e0 de nombreuses cr\u00e9ations comme Afro-Breizh, le Yoann Nedeleg Noz project dans lequel il explore la place du Uileann pipes dans le fest-noz, ou avec le chanteur collecteur de la Roche-Bernard Herv\u00e9 Dr\u00e9an avec lequel il collabore dans \u00ab&nbsp;Personne ne danse que les amoureux&nbsp;\u00bb et \u00ab&nbsp;La Mareuille&nbsp;\u00bb.&nbsp;&nbsp;&nbsp;&nbsp;&nbsp;&nbsp;&nbsp;&nbsp;&nbsp;&nbsp;<\/p>\n\n\n\n<p>&nbsp;  Le chant s\u2019immisce dans sa pratique, il deviendra le chanteur du collectif Moger (Musiques T\u00eatues) avec lequel il compose et \u00e9crit des textes jusqu\u2019\u00e0 ce jour, en passant par une cr\u00e9ation autour du po\u00e8te gallois Dylan Thomas (the colour of saying) jusqu\u2019\u00e0 aujourd\u2019hui pr\u00eater sa voix \u00e0 la musique du guitariste de jazz rennais Paul Andrzejewski dans le trio \u00ab&nbsp;Sisters\u2019 letters&nbsp;\u00bb.<\/p>\n\n\n\n<p>\u00c0 une p\u00e9riode o\u00f9 il se pose la question de sa pratique dans les musiques traditionnelles, il fera la rencontre marquante d\u2019Emmanuelle Bouthillier, qui l\u2019encouragera \u00e0 la pratique du chant traditionnel francophone, et avec qui il formera le duo L\u2019abrasive qui lie musiques improvis\u00e9es et musique et chants de Haute-Bretagne, puis le trio de bal de Haute-Bretagne Planch\u00e9e.<\/p>\n\n\n\n<p>Une invitation \u00e0 partager et s\u2019approprier la mati\u00e8re \u00e0 la contrebasse, l\u2019occasion d\u2019explorer un geste personnel \u00e9troitement en lien avec la pratique des violoneux, et les possibilit\u00e9s qu\u2019offre son instrument, fruits de la d\u00e9couverte de la pr\u00e9paration d\u2019instrument avec Eric Thomas puis Ronan Courty.<\/p>\n\n\n\n<p>Il met en pratique cette boite \u00e0 outil dans le groupe Segal, Les ombres de la b\u00eate (avec le joueur de veuze Fran\u00e7ois Robin), en solo, et avec son p\u00e8re en duo, avec qui il se forme aujourd\u2019hui dans le r\u00e9pertoire chant\u00e9 et instrumental des \u00eeles britanniques et d\u2019Irlande\u2026 mais o\u00f9 vient souvent s\u2019immiscer un chant ou un air de Haute-Bretagne. Et m\u00eame parfois un harmonica\u2026<\/p>\n\n\n\n<h2 class=\"wp-block-heading\"><\/h2>\n\n\n\n<h3 class=\"wp-block-heading\">Ronan Le Gouri\u00e9rec<\/h3>\n\n\n\n<div class=\"wp-block-columns is-layout-flex wp-container-core-columns-is-layout-9d6595d7 wp-block-columns-is-layout-flex\">\n<div class=\"wp-block-column is-layout-flow wp-block-column-is-layout-flow\">\n<figure class=\"wp-block-image size-large\"><img loading=\"lazy\" decoding=\"async\" width=\"731\" height=\"1024\" src=\"https:\/\/assembllees-galezes.bzh\/wp-content\/uploads\/2026\/02\/gourierec-731x1024.jpg\" alt=\"\" class=\"wp-image-1324\" srcset=\"https:\/\/assembllees-galezes.bzh\/wp-content\/uploads\/2026\/02\/gourierec-731x1024.jpg 731w, https:\/\/assembllees-galezes.bzh\/wp-content\/uploads\/2026\/02\/gourierec-214x300.jpg 214w, https:\/\/assembllees-galezes.bzh\/wp-content\/uploads\/2026\/02\/gourierec-768x1075.jpg 768w, https:\/\/assembllees-galezes.bzh\/wp-content\/uploads\/2026\/02\/gourierec-143x200.jpg 143w, https:\/\/assembllees-galezes.bzh\/wp-content\/uploads\/2026\/02\/gourierec.jpg 975w\" sizes=\"auto, (max-width: 731px) 100vw, 731px\" \/><\/figure>\n<\/div>\n\n\n\n<div class=\"wp-block-column is-layout-flow wp-block-column-is-layout-flow\">\n<h4 class=\"wp-block-heading\">Apprentissage urbain de musique rurale<\/h4>\n\n\n\n<p>Lors de son apprentissage musical \u00e0 l&rsquo;Ecole Nationale de Musique de Saint-Nazaire de 1979 \u00e0 1991 pratique le solf\u00e8ge et la bombarde avec notamment Jean-Louis Amisse, qui lui a fait d\u00e9couvrir d&rsquo;autres esth\u00e9tiques&nbsp;; il s&rsquo;int\u00e9resse tr\u00e8s vite \u00e0 la bombarde chromatique qu&rsquo;il d\u00e9veloppe avec ses luthiers Hervieux et Glet.<br>Il int\u00e8gre le Bagad de La Baule en 1982 puis le Bagad de Saint-Nazaire en 1988. Sans d\u00e9laisser le r\u00e9pertoire traditionnel en couple, il s&rsquo;int\u00e9resse aussi \u00e0 d&rsquo;autres univers comme le blues, le jazz, certaine musiques classiques qui lui ouvrent de nouvelles techniques et remplace son professeur Jean-Louis dans un groupe de Jazz Rock (Govanig) o\u00f9 il d\u00e9couvre, la basse, la guitare, les boeufs et l&rsquo;improvisation. Deux noms se d\u00e9gageront de ses explorations&nbsp;: Frank Zappa et John Coltrane, \u2026.<\/p>\n\n\n\n<h4 class=\"wp-block-heading\">La Bombarde en Fanfare<\/h4>\n\n\n\n<p>Ronan commence sa vie de musicien professionnel, non pas en fest-noz, mais en concert avec L&rsquo;Occidentale de Fanfare et Les Trompettes du Mozambique. Sa rencontre avec Francis Mounier sera le d\u00e9clencheur de l&rsquo;apprentissage du saxophone baryton&nbsp;; ils ont particip\u00e9 \u00e0 quatre groupes ensemble&nbsp;: L&rsquo;Occidentale de Fanfare, Les Fr\u00e8res Goa-Tech, Le Baryton C&rsquo;est Mieux et Le Choc Des Electrons Libres. D&rsquo;autres rencontres vont bien \u00ab&nbsp;chambouler&nbsp;\u00bb l&rsquo;univers de Ronan comme Bernard Lubat, Jean-Luc Cappozzo lors de la rencontre avec Les Niou Bardophones ainsi que tous les musiciens africains, comme Doudou N&rsquo;Diaye Rose et les musiciens nig\u00e9riens de Makida Palabre (Yacouba, Harouna, Housseini\u2026). Ses deux s\u00e9jours avec Makida Palabre en Afrique de l&rsquo;Ouest lui retourneront bien la t\u00eate, bien \u00ab&nbsp;\u00e0 l&rsquo;envers&nbsp;\u00bb.<br>Aujourd&rsquo;hui, on le retrouve dans BivOAc et sa formule \u00ab&nbsp;4 \u00e9toiles&nbsp;\u00bb (avec section rythmique), Les Allum\u00e9s du Chalumeau, le Trio NRV, le Collectif Jeu \u00e0 La Nantaise, Les Trompettes du Mozambique, Les Niou Bardophones et invit\u00e9 par Ganga Mix.<\/p>\n\n\n\n<p><\/p>\n<\/div>\n<\/div>\n\n\n\n<h2 class=\"wp-block-heading\"><\/h2>\n\n\n\n<p>Depuis toujours, Ronan est demand\u00e9 pour des ateliers, des stages d&rsquo;improvisations, du travail de r\u00e9pertoire, de l&rsquo;accompagnement et de la direction artistique.<\/p>\n\n\n\n<p>Il a un nombre impressionnant de r\u00e9f\u00e9rences sc\u00e9niques, dans de nombreux styles musicaux<br>\u2026 sans oublier de nombreux concerts chez l\u2019habitant, ces espaces de libert\u00e9.<\/p>\n\n\n\n<h2 class=\"wp-block-heading\"><\/h2>\n\n\n\n<div class=\"wp-block-columns is-layout-flex wp-container-core-columns-is-layout-9d6595d7 wp-block-columns-is-layout-flex\">\n<div class=\"wp-block-column is-layout-flow wp-block-column-is-layout-flow\">\n<figure class=\"wp-block-image size-large\"><a href=\"https:\/\/assembllees-galezes.bzh\/index.php\/inscription-moyen-de-paiement\/\"><img loading=\"lazy\" decoding=\"async\" width=\"1024\" height=\"149\" src=\"https:\/\/assembllees-galezes.bzh\/wp-content\/uploads\/2026\/01\/3-3-1024x149.png\" alt=\"\" class=\"wp-image-1180\" srcset=\"https:\/\/assembllees-galezes.bzh\/wp-content\/uploads\/2026\/01\/3-3-1024x149.png 1024w, https:\/\/assembllees-galezes.bzh\/wp-content\/uploads\/2026\/01\/3-3-300x44.png 300w, https:\/\/assembllees-galezes.bzh\/wp-content\/uploads\/2026\/01\/3-3-768x112.png 768w, https:\/\/assembllees-galezes.bzh\/wp-content\/uploads\/2026\/01\/3-3-1536x223.png 1536w, https:\/\/assembllees-galezes.bzh\/wp-content\/uploads\/2026\/01\/3-3-2048x298.png 2048w, https:\/\/assembllees-galezes.bzh\/wp-content\/uploads\/2026\/01\/3-3-941x137.png 941w\" sizes=\"auto, (max-width: 1024px) 100vw, 1024px\" \/><\/a><\/figure>\n<\/div>\n\n\n\n<div class=\"wp-block-column is-layout-flow wp-block-column-is-layout-flow\">\n<figure class=\"wp-block-image size-large\"><a href=\"https:\/\/assembllees-galezes.bzh\/index.php\/informations-pratiques-des-stages\/\"><img loading=\"lazy\" decoding=\"async\" width=\"1024\" height=\"149\" src=\"https:\/\/assembllees-galezes.bzh\/wp-content\/uploads\/2026\/01\/4-3-1024x149.png\" alt=\"\" class=\"wp-image-1181\" srcset=\"https:\/\/assembllees-galezes.bzh\/wp-content\/uploads\/2026\/01\/4-3-1024x149.png 1024w, https:\/\/assembllees-galezes.bzh\/wp-content\/uploads\/2026\/01\/4-3-300x44.png 300w, https:\/\/assembllees-galezes.bzh\/wp-content\/uploads\/2026\/01\/4-3-768x112.png 768w, https:\/\/assembllees-galezes.bzh\/wp-content\/uploads\/2026\/01\/4-3-1536x223.png 1536w, https:\/\/assembllees-galezes.bzh\/wp-content\/uploads\/2026\/01\/4-3-2048x298.png 2048w, https:\/\/assembllees-galezes.bzh\/wp-content\/uploads\/2026\/01\/4-3-941x137.png 941w\" sizes=\"auto, (max-width: 1024px) 100vw, 1024px\" \/><\/a><\/figure>\n<\/div>\n<\/div>\n","protected":false},"excerpt":{"rendered":"<p>Le J\u00e2ze \u00e8s Gal\u00e8zes \u2026 ou des gallois bal\u00e8zes&nbsp; RONAN LE GOURIEREC &amp; L\u2019orchestre des bal\u00e8zes ou \u00ab&nbsp;\u00e9quipe a&nbsp;\u00bb Pour tous les instruments (groupe + avanc\u00e9) Apprentissage oral de th\u00e8mes d\u00e9di\u00e9s \u00e0 la danse, arrangement et travail sur les nuances, jeu sur les associations de timbres d\u2019instruments. Travail d\u2019\u00e9coute des &hellip;<\/p>\n","protected":false},"author":2,"featured_media":0,"parent":114,"menu_order":12,"comment_status":"closed","ping_status":"closed","template":"","meta":{"footnotes":""},"class_list":["post-296","page","type-page","status-publish","hentry"],"_links":{"self":[{"href":"https:\/\/assembllees-galezes.bzh\/index.php\/wp-json\/wp\/v2\/pages\/296","targetHints":{"allow":["GET"]}}],"collection":[{"href":"https:\/\/assembllees-galezes.bzh\/index.php\/wp-json\/wp\/v2\/pages"}],"about":[{"href":"https:\/\/assembllees-galezes.bzh\/index.php\/wp-json\/wp\/v2\/types\/page"}],"author":[{"embeddable":true,"href":"https:\/\/assembllees-galezes.bzh\/index.php\/wp-json\/wp\/v2\/users\/2"}],"replies":[{"embeddable":true,"href":"https:\/\/assembllees-galezes.bzh\/index.php\/wp-json\/wp\/v2\/comments?post=296"}],"version-history":[{"count":28,"href":"https:\/\/assembllees-galezes.bzh\/index.php\/wp-json\/wp\/v2\/pages\/296\/revisions"}],"predecessor-version":[{"id":1443,"href":"https:\/\/assembllees-galezes.bzh\/index.php\/wp-json\/wp\/v2\/pages\/296\/revisions\/1443"}],"up":[{"embeddable":true,"href":"https:\/\/assembllees-galezes.bzh\/index.php\/wp-json\/wp\/v2\/pages\/114"}],"wp:attachment":[{"href":"https:\/\/assembllees-galezes.bzh\/index.php\/wp-json\/wp\/v2\/media?parent=296"}],"curies":[{"name":"wp","href":"https:\/\/api.w.org\/{rel}","templated":true}]}}