{"id":371,"date":"2025-02-09T17:48:10","date_gmt":"2025-02-09T16:48:10","guid":{"rendered":"https:\/\/benvoulants.assembllees-galezes.bzh\/index.php\/le-festival\/programmation\/milena-leclere\/"},"modified":"2025-03-15T19:19:17","modified_gmt":"2025-03-15T18:19:17","slug":"milena-leclere","status":"publish","type":"page","link":"https:\/\/assembllees-galezes.bzh\/index.php\/le-festival\/programmation\/archives-prog\/milena-leclere\/","title":{"rendered":"Milena Lecl\u00e8re"},"content":{"rendered":"\n<div class=\"wp-block-columns is-layout-flex wp-container-core-columns-is-layout-9d6595d7 wp-block-columns-is-layout-flex\">\n<div class=\"wp-block-column is-layout-flow wp-block-column-is-layout-flow\">\n<h2 class=\"wp-block-heading\">Milena Lecl\u00e8re<\/h2>\n\n\n\n<p>Une boite de biscuits gavotte, un vieux manche de violon et une cuill\u00e8re \u00e0 soupe : voici la recette savoureuse de Mamil\u00e9na pour son bal.<\/p>\n\n\n\n<p>Mamil\u00e9na est un bal-concert o\u00f9, petits et grands, danseurs ou non, se retrouvent sur le parquet pour tourner dans une valse ou sautiller sur une polka. S\u2019inspirant de th\u00e8mes de musiques traditionnelles du Nord, de Bretagne ou d\u2019ailleurs, Mamil\u00e9na puise \u00e9galement dans des musiques plus actuelles. Bidouilleuse et bricoleuse, elle fait chanter sur sc\u00e8ne le violon qu\u2019elle a fabriqu\u00e9 et s\u2019accompagne elle-m\u00eame gr\u00e2ce \u00e0 une p\u00e9dale lui permettant de faire des boucles. Mamil\u00e9na vous fera guincher et d\u00e9hancher. Amenez vos plus beaux souliers !<\/p>\n<\/div>\n\n\n\n<div class=\"wp-block-column is-layout-flow wp-block-column-is-layout-flow\"><div class=\"wp-block-image\">\n<figure class=\"aligncenter size-large is-resized\"><img loading=\"lazy\" decoding=\"async\" width=\"1024\" height=\"1024\" src=\"https:\/\/benvoulants.assembllees-galezes.bzh\/wp-content\/uploads\/2025\/01\/mamilena-1024x1024.jpg\" alt=\"\" class=\"wp-image-307\" style=\"width:495px;height:auto\" srcset=\"https:\/\/assembllees-galezes.bzh\/wp-content\/uploads\/2025\/01\/mamilena-1024x1024.jpg 1024w, https:\/\/assembllees-galezes.bzh\/wp-content\/uploads\/2025\/01\/mamilena-300x300.jpg 300w, https:\/\/assembllees-galezes.bzh\/wp-content\/uploads\/2025\/01\/mamilena-150x150.jpg 150w, https:\/\/assembllees-galezes.bzh\/wp-content\/uploads\/2025\/01\/mamilena-768x768.jpg 768w, https:\/\/assembllees-galezes.bzh\/wp-content\/uploads\/2025\/01\/mamilena-200x200.jpg 200w, https:\/\/assembllees-galezes.bzh\/wp-content\/uploads\/2025\/01\/mamilena.jpg 1080w\" sizes=\"auto, (max-width: 1024px) 100vw, 1024px\" \/><\/figure>\n<\/div><\/div>\n<\/div>\n\n\n\n<h2 class=\"wp-block-heading\"><\/h2>\n\n\n\n<figure class=\"wp-block-embed is-type-video is-provider-youtube wp-block-embed-youtube wp-embed-aspect-16-9 wp-has-aspect-ratio\"><div class=\"wp-block-embed__wrapper\">\n<iframe loading=\"lazy\" title=\"Mamilena \/\/ Pr\u00e9ambule\" width=\"1505\" height=\"847\" src=\"https:\/\/www.youtube.com\/embed\/7oSBf0MJV6A?feature=oembed\" frameborder=\"0\" allow=\"accelerometer; autoplay; clipboard-write; encrypted-media; gyroscope; picture-in-picture; web-share\" referrerpolicy=\"strict-origin-when-cross-origin\" allowfullscreen><\/iframe>\n<\/div><\/figure>\n","protected":false},"excerpt":{"rendered":"<p>Milena Lecl\u00e8re Une boite de biscuits gavotte, un vieux manche de violon et une cuill\u00e8re \u00e0 soupe : voici la recette savoureuse de Mamil\u00e9na pour son bal. Mamil\u00e9na est un bal-concert o\u00f9, petits et grands, danseurs ou non, se retrouvent sur le parquet pour tourner dans une valse ou sautiller &hellip;<\/p>\n","protected":false},"author":2,"featured_media":0,"parent":1472,"menu_order":1,"comment_status":"closed","ping_status":"closed","template":"","meta":{"footnotes":""},"class_list":["post-371","page","type-page","status-publish","hentry"],"_links":{"self":[{"href":"https:\/\/assembllees-galezes.bzh\/index.php\/wp-json\/wp\/v2\/pages\/371","targetHints":{"allow":["GET"]}}],"collection":[{"href":"https:\/\/assembllees-galezes.bzh\/index.php\/wp-json\/wp\/v2\/pages"}],"about":[{"href":"https:\/\/assembllees-galezes.bzh\/index.php\/wp-json\/wp\/v2\/types\/page"}],"author":[{"embeddable":true,"href":"https:\/\/assembllees-galezes.bzh\/index.php\/wp-json\/wp\/v2\/users\/2"}],"replies":[{"embeddable":true,"href":"https:\/\/assembllees-galezes.bzh\/index.php\/wp-json\/wp\/v2\/comments?post=371"}],"version-history":[{"count":3,"href":"https:\/\/assembllees-galezes.bzh\/index.php\/wp-json\/wp\/v2\/pages\/371\/revisions"}],"predecessor-version":[{"id":673,"href":"https:\/\/assembllees-galezes.bzh\/index.php\/wp-json\/wp\/v2\/pages\/371\/revisions\/673"}],"up":[{"embeddable":true,"href":"https:\/\/assembllees-galezes.bzh\/index.php\/wp-json\/wp\/v2\/pages\/1472"}],"wp:attachment":[{"href":"https:\/\/assembllees-galezes.bzh\/index.php\/wp-json\/wp\/v2\/media?parent=371"}],"curies":[{"name":"wp","href":"https:\/\/api.w.org\/{rel}","templated":true}]}}