{"id":373,"date":"2025-02-09T17:48:03","date_gmt":"2025-02-09T16:48:27","guid":{"rendered":"https:\/\/benvoulants.assembllees-galezes.bzh\/index.php\/le-festival\/programmation\/matao-rollo-2\/"},"modified":"2025-03-22T17:23:50","modified_gmt":"2025-03-22T16:23:50","slug":"rando-chantee","status":"publish","type":"page","link":"https:\/\/assembllees-galezes.bzh\/index.php\/le-festival\/programmation\/archives-prog\/rando-chantee\/","title":{"rendered":"Rando chant\u00e9e"},"content":{"rendered":"\n<div class=\"wp-block-columns is-layout-flex wp-container-core-columns-is-layout-9d6595d7 wp-block-columns-is-layout-flex\">\n<div class=\"wp-block-column is-layout-flow wp-block-column-is-layout-flow\">\n<h2 class=\"wp-block-heading\">Rando chant\u00e9e<\/h2>\n\n\n\n<p>La balade, c&rsquo;est toujours un moment fort du Festival o\u00f9 les gens du pays rencontrent les stagiaires pour un moment d&rsquo;oxyg\u00e9nation convivial dans la nature des environs de Concoret. Pendant que les gens se prom\u00e8nent, ils sont entra\u00een\u00e9s par les sonneurs et les chanteurs et il n&rsquo;est pas impossible que quelques surprises se pr\u00e9sentent aux coins de quelques bois.<\/p>\n\n\n\n<p><em>Cette ann\u00e9e, c&rsquo;est<\/em>&nbsp;<strong>Matlao Ghiton<\/strong>&nbsp;<em>qui m\u00e8ne.<\/em><\/p>\n\n\n\n<p>La pourmen\u00e9 \u00e9t terjou eune vra bone paiss\u00e9e de la federaille. Le monde du payiz s&rsquo;enter-vou\u00e8t o les estaiji\u00e8res pour un moment de temp den la campagne de Concoret. Tandi qe le monde cheminent, i sont enhers\u00ebs par les sounous e les chantous e c&rsquo;\u00e9t poin invencion de terouer qheuqe surprinzes ao conieres de qheuqe bou\u00e9z.<\/p>\n\n\n\n<p>L&rsquo;an\u00e9e la c&rsquo;\u00e9t&nbsp;<strong><strong>Matlao Ghiton<\/strong><\/strong>&nbsp;qhi mene le drao.<\/p>\n<\/div>\n\n\n\n<div class=\"wp-block-column is-layout-flow wp-block-column-is-layout-flow\">\n<figure class=\"wp-block-image size-full is-resized\"><img loading=\"lazy\" decoding=\"async\" width=\"600\" height=\"400\" src=\"https:\/\/benvoulants.assembllees-galezes.bzh\/wp-content\/uploads\/2025\/03\/08_balade_2-michel_thierry.jpg\" alt=\"\" class=\"wp-image-661\" style=\"width:656px;height:auto\" srcset=\"https:\/\/assembllees-galezes.bzh\/wp-content\/uploads\/2025\/03\/08_balade_2-michel_thierry.jpg 600w, https:\/\/assembllees-galezes.bzh\/wp-content\/uploads\/2025\/03\/08_balade_2-michel_thierry-300x200.jpg 300w\" sizes=\"auto, (max-width: 600px) 100vw, 600px\" \/><\/figure>\n<\/div>\n<\/div>\n\n\n\n<p><\/p>\n","protected":false},"excerpt":{"rendered":"<p>Rando chant\u00e9e La balade, c&rsquo;est toujours un moment fort du Festival o\u00f9 les gens du pays rencontrent les stagiaires pour un moment d&rsquo;oxyg\u00e9nation convivial dans la nature des environs de Concoret. Pendant que les gens se prom\u00e8nent, ils sont entra\u00een\u00e9s par les sonneurs et les chanteurs et il n&rsquo;est pas &hellip;<\/p>\n","protected":false},"author":2,"featured_media":0,"parent":1472,"menu_order":0,"comment_status":"closed","ping_status":"closed","template":"","meta":{"footnotes":""},"class_list":["post-373","page","type-page","status-publish","hentry"],"_links":{"self":[{"href":"https:\/\/assembllees-galezes.bzh\/index.php\/wp-json\/wp\/v2\/pages\/373","targetHints":{"allow":["GET"]}}],"collection":[{"href":"https:\/\/assembllees-galezes.bzh\/index.php\/wp-json\/wp\/v2\/pages"}],"about":[{"href":"https:\/\/assembllees-galezes.bzh\/index.php\/wp-json\/wp\/v2\/types\/page"}],"author":[{"embeddable":true,"href":"https:\/\/assembllees-galezes.bzh\/index.php\/wp-json\/wp\/v2\/users\/2"}],"replies":[{"embeddable":true,"href":"https:\/\/assembllees-galezes.bzh\/index.php\/wp-json\/wp\/v2\/comments?post=373"}],"version-history":[{"count":9,"href":"https:\/\/assembllees-galezes.bzh\/index.php\/wp-json\/wp\/v2\/pages\/373\/revisions"}],"predecessor-version":[{"id":815,"href":"https:\/\/assembllees-galezes.bzh\/index.php\/wp-json\/wp\/v2\/pages\/373\/revisions\/815"}],"up":[{"embeddable":true,"href":"https:\/\/assembllees-galezes.bzh\/index.php\/wp-json\/wp\/v2\/pages\/1472"}],"wp:attachment":[{"href":"https:\/\/assembllees-galezes.bzh\/index.php\/wp-json\/wp\/v2\/media?parent=373"}],"curies":[{"name":"wp","href":"https:\/\/api.w.org\/{rel}","templated":true}]}}

Rando chantée

<div class="wp-block-columns is-layout-flex wp-container-core-columns-is-layout-9d6595d7 wp-block-columns-is-layout-flex">
<div class="wp-block-column is-layout-flow wp-block-column-is-layout-flow">
<h2 class="wp-block-heading">Rando chantée</h2>



<p>La balade, c&rsquo;est toujours un moment fort du Festival où les gens du pays rencontrent les stagiaires pour un moment d&rsquo;oxygénation convivial dans la nature des environs de Concoret. Pendant que les gens se promènent, ils sont entraînés par les sonneurs et les chanteurs et il n&rsquo;est pas impossible que quelques surprises se présentent aux coins de quelques bois.</p>



<p><em>Cette année, c&rsquo;est</em>&nbsp;<strong>Matlao Ghiton</strong>&nbsp;<em>qui mène.</em></p>



<p>La pourmené ét terjou eune vra bone paissée de la federaille. Le monde du payiz s&rsquo;enter-vouèt o les estaijières pour un moment de temp den la campagne de Concoret. Tandi qe le monde cheminent, i sont enhersës par les sounous e les chantous e c&rsquo;ét poin invencion de terouer qheuqe surprinzes ao conieres de qheuqe bouéz.</p>



<p>L&rsquo;anée la c&rsquo;ét&nbsp;<strong><strong>Matlao Ghiton</strong></strong>&nbsp;qhi mene le drao.</p>
</div>



<div class="wp-block-column is-layout-flow wp-block-column-is-layout-flow">
<figure class="wp-block-image size-full is-resized"><img loading="lazy" decoding="async" width="600" height="400" src="https://benvoulants.assembllees-galezes.bzh/wp-content/uploads/2025/03/08_balade_2-michel_thierry.jpg" alt="" class="wp-image-661" style="width:656px;height:auto" srcset="https://assembllees-galezes.bzh/wp-content/uploads/2025/03/08_balade_2-michel_thierry.jpg 600w, https://assembllees-galezes.bzh/wp-content/uploads/2025/03/08_balade_2-michel_thierry-300x200.jpg 300w" sizes="auto, (max-width: 600px) 100vw, 600px" /></figure>
</div>
</div>



<p></p>

<p>Rando chantée La balade, c&rsquo;est toujours un moment fort du Festival où les gens du pays rencontrent les stagiaires pour un moment d&rsquo;oxygénation convivial dans la nature des environs de Concoret. Pendant que les gens se promènent, ils sont entraînés par les sonneurs et les chanteurs et il n&rsquo;est pas &hellip;</p>
