{"id":383,"date":"2025-02-09T17:49:03","date_gmt":"2025-02-09T16:49:41","guid":{"rendered":"https:\/\/benvoulants.assembllees-galezes.bzh\/index.php\/le-festival\/programmation\/hamon-martin-2\/"},"modified":"2025-03-15T18:58:58","modified_gmt":"2025-03-15T17:58:58","slug":"pichard-vincendeau","status":"publish","type":"page","link":"https:\/\/assembllees-galezes.bzh\/index.php\/le-festival\/programmation\/archives-prog\/pichard-vincendeau\/","title":{"rendered":"Pichard-Vincendeau"},"content":{"rendered":"\n<div class=\"wp-block-columns is-layout-flex wp-container-core-columns-is-layout-9d6595d7 wp-block-columns-is-layout-flex\">\n<div class=\"wp-block-column is-layout-flow wp-block-column-is-layout-flow\">\n<h2 class=\"wp-block-heading\">Pichard-Vincendeau<\/h2>\n\n\n\n<p>Les m\u00e9lodies sont ent\u00eatantes, puisant leurs sources dans la rythmique reconnue du duo. Lorsque leurs bois s\u2019\u00e9lectrisent, les deux musiciens nous livrent des envol\u00e9es \u00e0 la fois captives et sauvages. Ils nous \u00e9tonnent avec de nouvelles sonorit\u00e9s virevoltantes, laissant libre cours \u00e0 notre imaginaire et libre mouvance \u00e0 nos corps<\/p>\n<\/div>\n\n\n\n<div class=\"wp-block-column is-layout-flow wp-block-column-is-layout-flow\"><div class=\"wp-block-image\">\n<figure class=\"aligncenter size-full\"><img loading=\"lazy\" decoding=\"async\" width=\"1280\" height=\"720\" src=\"https:\/\/benvoulants.assembllees-galezes.bzh\/wp-content\/uploads\/2025\/03\/duo_pichard-vincendeau.jpg\" alt=\"\" class=\"wp-image-650\" srcset=\"https:\/\/assembllees-galezes.bzh\/wp-content\/uploads\/2025\/03\/duo_pichard-vincendeau.jpg 1280w, https:\/\/assembllees-galezes.bzh\/wp-content\/uploads\/2025\/03\/duo_pichard-vincendeau-300x169.jpg 300w, https:\/\/assembllees-galezes.bzh\/wp-content\/uploads\/2025\/03\/duo_pichard-vincendeau-1024x576.jpg 1024w, https:\/\/assembllees-galezes.bzh\/wp-content\/uploads\/2025\/03\/duo_pichard-vincendeau-768x432.jpg 768w, https:\/\/assembllees-galezes.bzh\/wp-content\/uploads\/2025\/03\/duo_pichard-vincendeau-356x200.jpg 356w\" sizes=\"auto, (max-width: 1280px) 100vw, 1280px\" \/><\/figure>\n<\/div><\/div>\n<\/div>\n\n\n\n<h2 class=\"wp-block-heading\"><\/h2>\n\n\n\n<figure class=\"wp-block-embed is-type-video is-provider-youtube wp-block-embed-youtube wp-embed-aspect-16-9 wp-has-aspect-ratio\"><div class=\"wp-block-embed__wrapper\">\n<iframe loading=\"lazy\" title=\"PICHARD \/ VINCENDEAU (Suite de Loud\u00e9ac) \/\/ YAOUANK 2019\" width=\"1505\" height=\"847\" src=\"https:\/\/www.youtube.com\/embed\/fGHO2EW3PEE?start=3&#038;feature=oembed\" frameborder=\"0\" allow=\"accelerometer; autoplay; clipboard-write; encrypted-media; gyroscope; picture-in-picture; web-share\" referrerpolicy=\"strict-origin-when-cross-origin\" allowfullscreen><\/iframe>\n<\/div><\/figure>\n","protected":false},"excerpt":{"rendered":"<p>Pichard-Vincendeau Les m\u00e9lodies sont ent\u00eatantes, puisant leurs sources dans la rythmique reconnue du duo. Lorsque leurs bois s\u2019\u00e9lectrisent, les deux musiciens nous livrent des envol\u00e9es \u00e0 la fois captives et sauvages. Ils nous \u00e9tonnent avec de nouvelles sonorit\u00e9s virevoltantes, laissant libre cours \u00e0 notre imaginaire et libre mouvance \u00e0 nos &hellip;<\/p>\n","protected":false},"author":2,"featured_media":0,"parent":1472,"menu_order":11,"comment_status":"closed","ping_status":"closed","template":"","meta":{"footnotes":""},"class_list":["post-383","page","type-page","status-publish","hentry"],"_links":{"self":[{"href":"https:\/\/assembllees-galezes.bzh\/index.php\/wp-json\/wp\/v2\/pages\/383","targetHints":{"allow":["GET"]}}],"collection":[{"href":"https:\/\/assembllees-galezes.bzh\/index.php\/wp-json\/wp\/v2\/pages"}],"about":[{"href":"https:\/\/assembllees-galezes.bzh\/index.php\/wp-json\/wp\/v2\/types\/page"}],"author":[{"embeddable":true,"href":"https:\/\/assembllees-galezes.bzh\/index.php\/wp-json\/wp\/v2\/users\/2"}],"replies":[{"embeddable":true,"href":"https:\/\/assembllees-galezes.bzh\/index.php\/wp-json\/wp\/v2\/comments?post=383"}],"version-history":[{"count":7,"href":"https:\/\/assembllees-galezes.bzh\/index.php\/wp-json\/wp\/v2\/pages\/383\/revisions"}],"predecessor-version":[{"id":657,"href":"https:\/\/assembllees-galezes.bzh\/index.php\/wp-json\/wp\/v2\/pages\/383\/revisions\/657"}],"up":[{"embeddable":true,"href":"https:\/\/assembllees-galezes.bzh\/index.php\/wp-json\/wp\/v2\/pages\/1472"}],"wp:attachment":[{"href":"https:\/\/assembllees-galezes.bzh\/index.php\/wp-json\/wp\/v2\/media?parent=383"}],"curies":[{"name":"wp","href":"https:\/\/api.w.org\/{rel}","templated":true}]}}

<div class="wp-block-columns is-layout-flex wp-container-core-columns-is-layout-9d6595d7 wp-block-columns-is-layout-flex">
<div class="wp-block-column is-layout-flow wp-block-column-is-layout-flow">
<h2 class="wp-block-heading">Pichard-Vincendeau</h2>



<p>Les mélodies sont entêtantes, puisant leurs sources dans la rythmique reconnue du duo. Lorsque leurs bois s’électrisent, les deux musiciens nous livrent des envolées à la fois captives et sauvages. Ils nous étonnent avec de nouvelles sonorités virevoltantes, laissant libre cours à notre imaginaire et libre mouvance à nos corps</p>
</div>



<div class="wp-block-column is-layout-flow wp-block-column-is-layout-flow"><div class="wp-block-image">
<figure class="aligncenter size-full"><img loading="lazy" decoding="async" width="1280" height="720" src="https://benvoulants.assembllees-galezes.bzh/wp-content/uploads/2025/03/duo_pichard-vincendeau.jpg" alt="" class="wp-image-650" srcset="https://assembllees-galezes.bzh/wp-content/uploads/2025/03/duo_pichard-vincendeau.jpg 1280w, https://assembllees-galezes.bzh/wp-content/uploads/2025/03/duo_pichard-vincendeau-300x169.jpg 300w, https://assembllees-galezes.bzh/wp-content/uploads/2025/03/duo_pichard-vincendeau-1024x576.jpg 1024w, https://assembllees-galezes.bzh/wp-content/uploads/2025/03/duo_pichard-vincendeau-768x432.jpg 768w, https://assembllees-galezes.bzh/wp-content/uploads/2025/03/duo_pichard-vincendeau-356x200.jpg 356w" sizes="auto, (max-width: 1280px) 100vw, 1280px" /></figure>
</div></div>
</div>



<h2 class="wp-block-heading"></h2>



<figure class="wp-block-embed is-type-video is-provider-youtube wp-block-embed-youtube wp-embed-aspect-16-9 wp-has-aspect-ratio"><div class="wp-block-embed__wrapper">
<iframe loading="lazy" title="PICHARD / VINCENDEAU (Suite de Loudéac) // YAOUANK 2019" width="1505" height="847" src="https://www.youtube.com/embed/fGHO2EW3PEE?start=3&#038;feature=oembed" frameborder="0" allow="accelerometer; autoplay; clipboard-write; encrypted-media; gyroscope; picture-in-picture; web-share" referrerpolicy="strict-origin-when-cross-origin" allowfullscreen></iframe>
</div></figure>

<p>Pichard-Vincendeau Les mélodies sont entêtantes, puisant leurs sources dans la rythmique reconnue du duo. Lorsque leurs bois s’électrisent, les deux musiciens nous livrent des envolées à la fois captives et sauvages. Ils nous étonnent avec de nouvelles sonorités virevoltantes, laissant libre cours à notre imaginaire et libre mouvance à nos &hellip;</p>
